 -2.
33
Calculate -44 + -1 + -9 + (170 - 155) + 1.
-38
What is -6 + (16 - 14) + (5 - -2) + 3?
6
Calculate 2 + 1 + -7 + (-3 - -9) + 1.
3
17 - (8 + (4 - 5) + -6) - -1
17
Evaluate 24 + -62 - -16 - -43.
21
What is the value of 5 - (-13 - -10) - 16?
-8
What is (0 - 4 - -2 - 3) + (9 - 18)?
-14
40 + -51 - (-3 - -1 - -12) - 5
-26
What is (-9 - 2 - 0) + (535 - 531)?
-7
Calculate (-6 - -1) + (6 - 5) + (0 - -6).
2
What is (0 - (-9 - (3 + -1 + -8))) + -2?
1
Evaluate (7 - 7) + (-14 - -2 - -28).
16
What is the value of -6 - ((-11 - -30) + 5)?
-30
-11 + 7 - 7 - -13
2
What is the value of (13 - (-5 - (1 + -9))) + -8?
2
-14 + (0 - -2) + -2
-14
What is ((-24 - 0) + 15 - (-13 - -4)) + -6?
-6
What is -33 - -37 - (3 + (-3 - (-7 + 3)))?
0
Calculate 27 + -22 - (-2 + -4) - -17.
28
What is the value of -2554 + 2560 - (-7 - (0 + 0))?
13
23 - (14 + 2 - -27)
-20
Calculate -9 - (-25 + -2 - (-16 + 6 + 2)).
10
(2 + 13 - 10) + 4
9
Calculate 4 - -18 - (77 - 71).
16
Calculate -5 + 6 + -1 + 4 + -4 + -8.
-8
What is -19 - (-11 - (-2 + 24))?
14
Calculate 9 + 0 - (6 + 12 - 41 - -21).
11
Evaluate (5 - -3) + (2 - 4) + 2 - 19.
-11
18 - ((-107 - -124) + (-3 - -7))
-3
What is -2 + -2 + -6 + 3 - 4?
-11
What is the value of -15 + 21 + -33 + 16?
-11
What is the value of -27 + (9 - -3) + -17 - -13?
-19
Calculate (-17 - -9 - 6) + 5 + (4 - 1).
-6
What is the value of -936 - -935 - (0 - -4 - -1)?
-6
What is -12 + 8 - 3 - 5?
-12
What is 6 - (11 + -22) - 0?
17
Calculate (12 - 2 - 6) + 12.
16
Calculate (-442 - -424) + (15 - 1).
-4
What is (10 - (21 + -10)) + (-18 - -3)?
-16
2 + -3 + (1 - 15 - (26 + -27))
-14
What is 16 - (2 - 10 - (-12 + (11 - 6)))?
17
Evaluate -20 + 14 + 35 - (-1 + 12).
18
(940 - 954) + 26 + 0
12
Calculate (2 - 0) + (-29 + 2 + 9 - -4).
-12
Calculate 29 - 26 - (12 + (-1 + 3 - -2)).
-13
-3 - (39 + 1 + -41)
-2
Evaluate (-11 - -1 - (3 - 8)) + (6 - 15).
-14
What is the value of (-5 - (-12 + -10)) + -3?
14
What is the value of -9 + 2 - (3 - -3 - (24 + -25))?
-14
Calculate -18 + 12 + (-3 - (-8 - 3)).
2
Evaluate 3 - (42 + -17) - 1.
-23
What is -2 + -9 - (-5 - 12 - -4)?
2
-18 - (183 - 178 - (-1 - (2 - 11)))
-15
What is the value of -5 - (12 + (1 - 11) + (5 - 14))?
2
Calculate -3 - -15 - (4 + -2) - -4.
14
Evaluate -5 + 6 + 20 + -7.
14
What is the value of (28 - -2) + (17 - 25 - -12 - 3)?
31
Evaluate 28 + (6 - (-25 + 51)).
8
What is the value of -14 + 24 + -3 + -29?
-22
Evaluate 876 + -842 - ((-3 - -2) + 11).
24
Evaluate 9 - (18 - 9 - (13 - -9)).
22
What is 619 + -619 + 16 + (0 - -1)?
17
Evaluate 0 + 0 + 16 - 10.
6
What is the value of 5 + -27 - (-12 + (17 - 18))?
-9
What is the value of -10 + 8 + -11 + 6 + 23?
16
What is the value of 12 - (19 + 0 + 12)?
-19
Evaluate -2 - 8 - -23 - 5.
8
Evaluate (6 - 21) + 22 - (-5 - -2).
10
Calculate -10 - (2 + -2 - (-30 + 54 + -15)).
-1
Calculate -7 - (-12 - (-13 + 28)).
20
Evaluate 41 - ((-3 - 33) + 104).
-27
(5 - (12 - (12 + -5))) + 10
10
Calculate (-24 - (-16 + 9)) + 16.
-1
Calculate -1 - (2 - 4) - (211 + -209).
-1
What is the value of (-12 + 23 - 13) + -4 - (-1 + 0)?
-5
Evaluate (-2 - -10) + 0 + (9 + 9 - 21).
5
(37 - (49 - 26)) + (0 - 23)
-9
What is the value of -24 - (-27 - (-20 + 10)) - -19?
12
Evaluate 24 + ((-20 - -8) + 18 - 17).
13
Evaluate (-9 - -11) + (-1 - 1) - (12 + -4).
-8
Calculate (8 - (19 + -6)) + 1 - 6.
-10
Calculate 48 - (-13 - -20) - 29.
12
35 - (84 - (-17 + 33))
-33
Evaluate -1 - (8 + (-21 - 2)).
14
What is 14 - (11 + -11 - -4) - -11?
21
Evaluate -38 + (-13 + 36 - -2).
-13
Calculate -9 + (-13 + 1 - -14 - 3).
-10
-10 + (9 - (-7 + (-4 + 10 - 7)))
7
What is the value of 4 + -7 + 48 + -24?
21
What is 24 - (35 - 19) - (-2 + 5)?
5
Calculate 516 + -521 - (2 + (0 + -2 - -1)).
-6
What is the value of -15 + (-21 + -5 - -20)?
-21
What is the value of (3 - 29) + (-37 - -55)?
-8
What is the value of -9 + -1 - (-497 - -507)?
-20
Evaluate (6 - 14) + 22 + -7 + -14.
-7
Calculate 13 + -5 + -6 - -4 - 3.
3
12 - 1 - (-29 - (-34 + 10))
16
Evaluate -17 - -9 - (-19 + (-2 - -1)).
12
What is the value of -4 - (11 - -4 - 18)?
-1
Evaluate 1 + -8 + -6 + 6.
-7
What is the value of 10 + -3 + -5 + (-3 - (-5 + -2))?
6
(-17 - (-3 + 10 + -7)) + -2
-19
What is the value of (33 + -24 - 10) + 8?
7
What is 2 + -5 - (0 - -7 - (-45 - -48))?
-7
Calculate 28 + -18 + -16 - -7.
1
Calculate (1 + -9 - -24) + -12.
4
What is the value of 21 - (-8 + 30 + 17)?
-18
Calculate 5 - (2 - 4 - (10 - 9)) - 20.
-12
-21 + 13 + (7 - (8 + 4)) + -3
-16
What is the value of (12 - (-1 + 6)) + -10 + 7 + 3?
7
0 - (-1 + 0 + (6 - 3 - 7))
5
Calculate 1 + -38 - (-54 + 20 - -29).
-32
What is the value of 9 - 14 - (-18 + -1 + 1)?
13
What is the value of -27 - -29 - 21 - -22?
3
What is the value of -6 + -6 + (13 - 3) + 0 + -8?
-10
7 - -1 - (15 + (14 + -11 - 13))
3
Evaluate -5 + 12 - -1 - (-2 - -20).
-10
What is the value of -25 + (-32 - -52) - (-4 - (2 + 0))?
1
Evaluate -5 + (9 - ((4 - 3) + 6)).
-3
Evaluate 3 - (9 - 3) - -18.
15
2 + 11 + 13 + (-40 - -16)
2
(-2 - 9 - (-104 - -108)) + -11 + 1
-25
Calculate 15 + -50 - -35 - -10.
10
Calculate (0 - -2) + 55 + -74 - 19.
-36
What is (-2 - (-8 + 3 + 5)) + -9?
-11
Calculate (6 - (1 + 30)) + 9 - (9 - 3).
-22
Calculate -2 - 4 - 2 - -5.
-3
Calculate -5 - (9 + (-8 - 6) + 7).
-7
What is the value of 11 - (3 - 8 - -3)?
13
What is the value of (26 - 17) + 1 + -3?
7
26 + -16 - 14 - -41 - 17
20
What is the value of (575 - 547) + -5 + 0?
23
What is the value of (-30 - (35 + -57)) + 34?
26
What is the value of (5 - 1) + (70 - 67) + -3?
4
What is (109 - 118) + 2 + -1 + (0 - 1)?
-9
Evaluate 3 - 3 - (36 + -27 + (-23 - -1)).
13
Evaluate -22 - -5 - ((-18 - -21) + -14).
-6
Calculate (-12 - -12 - -4) + (10 - 16).
-2
1 - (-1 + 2) - (-24 + 36 - -16)
-28
What is the value of 2 + -1 - 5 - (-26 - -63 - 33)?
-8
Evaluate 6 + 3 + 5 + -4 + -5 + 4.
9
What is the value of (24 - (-18 - (-19 + 15))) + -13?
25
What is ((10 - 0) + 0 - (-1 - -3)) + 2?
10
(-3 - (20 + -9 - 9)) + -4 + 0
-9
(8 - 3) + 6 + 2 - 4
9
(-2 - 11) + 5 + 3 + 11
6
(-7 - (-3 - -35 - 10)) + 11
-18
Evaluate -7 - (-3 + 1) - -11 - (-1 + 12).
-5
Calculate -1 + 3 + 10 - (49 - 41).
4
What is the value of (-31 - -15) + -4 - -4?
-16
What is 5 + 19 + -13 - (5 + -9)?
15
What is the value of 19 + (-9 - -6 - 6) + -35?
-25
Evaluate 11 - (-4 + 19 + 4 + -10).
2
What is -6 + 1 - (-17 + -9 + 3 + 9)?
9
What is (11 - (20 + -9)) + 5 - (-1 + -8)?
14
Calculate (11 - 8) + -7 + 1 + (-63 - -70).
4
Calculate 35 - ((29 - -1) + -8).
13
Calculate 4 + 18 - 38 - -10.
-6
Calculate (-1 - -2) + 8 + 36 + -44 + 0.
1
(55 - 24 - 26) + (2 - (2 + 2))
3
Evaluate 1 + (-3 + 18 + -9 - (7 - 0)).
0
Calculate 1 - 6 - (-29 + 1 + 188 + -183).
18
Calculate 0 - -33 - (-1072 - -1081).
24
What is the value of (-6 - -20) + 14 + -26?
2
-9 - (1 + -23 + -16 + 12)
17
(-1 - -3) + (2 - (3 + 0 + 0))
1
26 - (13 + (-2 - (2 + -3)) + -3)
17
Evaluate 14 - (-3 + 1 + 6) - 7.
3
What is the value of 2 + (-3 - 8) - ((-3 - -9) + -4)?
-11
What is 7 + -2 + -8 + -18 + 26 - 25?
-20
What is the value of 6 + (-179 - -186 - (-2 - 1 - -1))?
15
-10 + -12 - -10 - -21
9
Calculate -5 + (0 - -13) + -1.
7
What is the value of -4 - ((12 - 5) + -5 - (0 + 0))?
-6
(5 - ((5 - (-14 + 5)) + 6)) + -4
-19
Evaluate -11 + 4 + 16 + -12 - 15.
-18
Evaluate -10 - (3 + 3 + -12).
-4
Calculate -13 - (-8 - 3 - (2 + 17 - 21)).
-4
What is the value of 7 + 13 + -16 + -3?
1
What is the value of (20 - 0) + -166 + 182 + -16?
20
What is (-1 + 1 - (-30 + 32)) + -6 + 12?
4
Calculate 12 - (-13 - (-12 + -3)).
10
What is -29 + 94 + -21 - 46?
-2
Evaluate 24 + -2 + (-7 - (-6 - (-9 - -5))).
17
Evaluate 20 + -28 + 0 + 18.
10
What is 28 + -4 + -38 - (3 + -9 - 3)?
-5
Evaluate -4 - (3 - 15) - 2 - (-3 + -4).
13
What is the value of (-3 - 15) + 7 + -2?
-13
Evaluate (5 + -7 - 10) + 4.
-8
What is -8 + 5 + -2 + 0 - 9?
-14
Evaluate -7 + 4 - (7 + (-29 - -1)).
18
What is the value of 6 - (34 + -25) - -41?
38
-67 + 38 - ((-1 - 19) + 4)
-13
Evaluate 13 + (-2 - 6) + 17 + -39.
-17
(38 - -7) + -12 - 16
17
Calculate (-20 - -9) + 20 - (-3 - -20).
-8
What is (-74 - -65 - (-8 - 0)) + 9?
8
8 + (12 - 18) + -26
-24
What is the value of 14 - (15 - -9) - (-21 - -5)?
6
Evaluate (11 - 10 - (-14 + 2)) + (-37 - -47).
23
Calculate 11 - 6 - (2 + 0 + 2 + -9).
10
Calculate 2 + 19 - 22 - (-2 + -6).
7
What is (2 - 0) + (-176 + 163 - (-1 + -5))?
-5
Calculate 15 + -54 + 55 + 0 + -14